l(b) = 5*b + 5. Let x be l(5). Let u = x + c. What are the prime factors of u?
2, 3
Suppose 9 = -3*t + 3*l, -9 = -4*t + 7*t - 2*l. Let m be 16/t + 4/(-6). What are the prime factors of 0 + (-3 - 1*m)?
3
Suppose -6*r + 2*r - 3*o + 5 = 0, 5*r - 2*o - 12 = 0. Suppose 5*d - 26 = 3*d - 4*l, -2*l = -r. List the prime factors of d.
11
What are the prime factors of (20/8)/((-2)/(-12))?
3, 5
Suppose 5*l = y - 5, -y + 6*y + l = 77. Suppose 2*b + y = 5*b. What are the prime factors of b?
5
Suppose 3*y - 4*w - 286 = 0, -4*y - 4*w = -9*y + 490. List the prime factors of y.
2, 3, 17
Suppose 2*q = -i + 16, 0*q + 38 = 3*q - 2*i. List the prime factors of q.
2, 5
Let o = 15 + 5. Let b = o - -3. List the prime factors of b.
23
Let n(b) = 28*b - 20. List the prime factors of n(8).
2, 3, 17
Suppose 3*w = -3*r + 87, r + 0*r + 2*w - 28 = 0. What are the prime factors of r?
2, 3, 5
Suppose -5*a + 5*p + 310 = 0, 2*a + 5*p - 154 = p. List the prime factors of a.
67
Suppose o + w = -w + 29, 190 = 5*o + w. Let u = o - 28. List the prime factors of u.
11
Suppose 0 = n - 3*q + 9, n + 4*n - 23 = -2*q. Suppose n*m + 1 = 22. What are the prime factors of m?
7
What are the prime factors of 28/2 - (-4 + 2)?
2
Let x = 76 - 39. List the prime factors of x.
37
Suppose -2*b = g + 10, 5*g - 4*b - b = 25. What are the prime factors of -3 + g + (-6)/(-1)?
3
Suppose 5*i + h = -48, 0*i - h + 52 = -5*i. Let m = 3 - i. List the prime factors of m*1 - (-8 - -5).
2
Suppose -3*n - 5 = -4*n. Suppose 4*v = 0, n*k - v = 25 + 125. Suppose 4*u = -u + k. List the prime factors of u.
2, 3
Let r(t) = t**2 + 4*t. Let n be r(-4). Suppose n = 4*x - 5*x + 12. What are the prime factors of x?
2, 3
Let q(u) = u**3 + 8*u**2 - 8*u + 10. List the prime factors of q(-7).
5, 23
Suppose 5*z + 43 = 3*l - 29, 2*l - 26 = -4*z. List the prime factors of l.
19
Let o = 5 - 2. Suppose -2*i + 15 = o*i. Suppose -4*c - 3*q - 10 + 30 = 0, c - i*q = -10. List the prime factors of c.
2
Suppose 5*c - 61 - 58 = -3*v, -2*c = 3*v - 134. What are the prime factors of v?
2, 3
Suppose -2*m - 41 = -3*m. Let d = m - 11. What are the prime factors of d?
2, 3, 5
Let v = -10 + 20. Let u = v - -3. Suppose -4*s + u = -67. What are the prime factors of s?
2, 5
Let w(u) be the third derivative of 7*u**5/20 + u**4/24 - u**3/6 - 5*u**2. What are the prime factors of w(1)?
3, 7
Let z be 6/(-3) - (1 - -2). Let p = 10 + z. List the prime factors of p.
5
Let s = -23 + 45. Suppose s = 4*o - 2*o. What are the prime factors of o?
11
Let q(x) = -21*x + 3. Let b(v) = 7*v - 1. Let h(c) = -11*b(c) - 4*q(c). What are the prime factors of h(3)?
2, 5
Suppose -3 = 2*q - 1. What are the prime factors of (1 - q)/(2/33)?
3, 11
Let k(t) = -4 - 2*t + 13*t + 3. What are the prime factors of k(1)?
2, 5
Let l = 10 - 3. What are the prime factors of l?
7
Suppose 7 = -5*i - 113. Suppose -2*s - n + 3*n + 76 = 0, -3*n = 4*s - 187. Let p = s + i. List the prime factors of p.
19
Let q(p) = p**2 - 2*p**2 + 10 - 9*p - 1. What are the prime factors of q(-9)?
3
Let t(l) = l**3 + 3*l**2 + 4. Let z = -16 + 13. What are the prime factors of t(z)?
2
Suppose 46 = -12*v + 14*v - 5*s, 4*v - 4*s = 92. What are the prime factors of v?
23
Let z be -1 - (-3)/(-6)*0. Let i be z*1/(-2)*0. Suppose l + 130 = 5*t - 4*l, -3*t - 5*l + 46 = i. What are the prime factors of t?
2, 11
Let g be (12/6)/(1/(-109)). List the prime factors of g/(-8) - 9/(-12).
2, 7
Let p(j) = 2*j**3 - 2*j**2 + 2*j - 1. Let o be p(1). Suppose -36 = 3*v + m, 6*m = -2*v + m - 24. What are the prime factors of o - 0 - (v - -1)?
2, 3
Suppose -10*r + r = -801. List the prime factors of r.
89
Let y = -91 - -155. Suppose y = 3*a + a. Suppose 2*c = a + 14. What are the prime factors of c?
3, 5
Let x be 8/12 + (-2)/(-6). Let o = -1 + x. Suppose -36 = -o*c - 3*c. What are the prime factors of c?
2, 3
Suppose 3*f + 16 + 8 = 0. Let x = f + 18. List the prime factors of 64/x - (-4)/(-10).
2, 3
Let h(x) = x**2 - 2*x - 3. List the prime factors of h(6).
3, 7
Let w be ((-5)/(-2))/((-4)/(-8)). Suppose -w*l = k + 1 + 5, -2*l = 4. What are the prime factors of k?
2
Let j(i) = i + 7. Suppose 3*s + 9 = -0*s. Let o be j(s). Let t = 1 + o. List the prime factors of t.
5
Let r(w) = -w**3 + 2*w. Let s be r(-2). Suppose 2*c - u = 3*c, -s*u - 2 = 2*c. List the prime factors of ((-39)/6)/(c/(-2)).
13
Let g be (-114)/2*1/3. Let s = -5 - g. What are the prime factors of s?
2, 7
Let a(z) = z**2 - 11*z - 12. What are the prime factors of a(14)?
2, 3, 5
Suppose -5*g + 238 = 58. List the prime factors of g.
2, 3
Suppose -12*l + 1480 = -2*l. What are the prime factors of l?
2, 37
What are the prime factors of (8 + -9)/((-1)/167)?
167
Let k = -97 - -136. List the prime factors of k.
3, 13
Let z(k) = -k**2 + 13*k + 3. Let a be z(10). Suppose -a = f - 2*f. Let i = f - 21. List the prime factors of i.
2, 3
Let g be -1*5/(15/(-6)). Suppose -g*y + 6*y = 2*w - 2, -5*y - 2*w = -20. List the prime factors of y.
2
Suppose 82 = 3*l - 38. Suppose -3*t - 7 = -l. What are the prime factors of t?
11
Suppose -u + 2*u = 45. List the prime factors of u.
3, 5
Let p = -6 + 4. Let g = -3 - p. Let d = g - -13. What are the prime factors of d?
2, 3
Let l = -62 - -117. List the prime factors of l.
5, 11
Let r(c) = c**3 + 4*c**2 - 2*c - 3. Let o be r(-5). Suppose -j + 20 = -6. Let n = j + o. What are the prime factors of n?
2
Suppose -p + 5 + 0 = 0, u + 4*p = 254. What are the prime factors of u?
2, 3, 13
Let d(g) = g**2 - 9*g - 4. What are the prime factors of d(13)?
2, 3
Let k be (-2)/3 + 2/(-6). Let i be (-18)/(-4) + k/(-2). Suppose -5*t - x + 5*x + 29 = 0, -t + x + i = 0. List the prime factors of t.
3
Let x(h) = -5*h**2 - 1. Let p be x(2). Let v be p/12*(3 + 1). Let a = v + 10. What are the prime factors of a?
3
Let h be 1/(-1 - (-12)/10). Suppose -h*p = 2*x + 77, -5 = -0*p + p. What are the prime factors of 368/26 + 4/x?
2, 7
Let t(n) = n + 1. Let g be t(-2). Let w = g + 3. What are the prime factors of w?
2
Let k(f) = -3*f**3 + 5*f**2 + 5*f + 2. List the prime factors of k(-3).
113
Let g = 5 + 31. What are the prime factors of g?
2, 3
Let m be (-3)/(-2) - 5/(-10). Suppose m*j = 4 + 10. What are the prime factors of j?
7
Suppose 0 = 10*f - 14*f + 400. List the prime factors of f.
2, 5
List the prime factors of ((-14)/28)/((-1)/12).
2, 3
Let m(h) = -h**2 - h + 3. Let v be (0/(0 - -1))/2. Let s be m(v). Suppose 3 = -s*r - 5*l + 59, -r + 32 = 5*l. List the prime factors of r.
2, 3
Let b(o) = o**2 - 4*o - 3. List the prime factors of b(5).
2
Let z(q) = -16*q + 3. Let k(x) = -x + 1. Let c(h) = 2*k(h) - z(h). List the prime factors of c(1).
13
Let w be (-6)/27 + 4/18. Suppose w*o = -3*o + 18. Suppose -3*b = -b - o. List the prime factors of b.
3
Let l = -3 - -6. Suppose 0 = -5*b + b - 16, -l*x - 2*b = -19. What are the prime factors of x?
3
Let u(x) = -x**2 - 5. Let j be u(6). Let p = -24 - j. What are the prime factors of p?
17
Let r(j) be the first derivative of 7*j**2 - 3*j + 1. Let t be r(2). List the prime factors of t/3 - (-4)/6.
3
Let t = -285 - -489. What are the prime factors of t?
2, 3, 17
Let j = 13 + -1. What are the prime factors of j?
2, 3
Let b(a) = a**3 + 13*a**2 - 5*a - 58. List the prime factors of b(-13).
7
Suppose -3*m - 2*m - 2*s + 18 = 0, -s = -5*m + 6. Suppose -j + 5 = -m. What are the prime factors of j?
7
Suppose q - 8 = -3*q - 2*l, -2*q = -l - 12. Suppose 5*d = -0 + 10. Suppose q = -d*n + 16. List the prime factors of n.
2, 3
Let c(w) be the second derivative of w**4/24 + 7*w**3/3 - w**2/2 + 2*w. Let a(o) be the first derivative of c(o). What are the prime factors of a(-6)?
2
Suppose -5*s = -s + 4*v - 188, v = 2*s - 97. What are the prime factors of s?
2, 3
Suppose j + 0*j = 4*x - 356, -3*j = -2*x + 188. What are the prime factors of x?
2, 11
Let y(c) = 2*c**3 + 6*c**2 - 7*c + 1. Let n be y(-5). Let i = -35 - n. List the prime factors of i.
29
Let u(n) = -2*n**3 + 22*n**2 + 2*n + 3. Let i(g) = g**3 - 11*g**2 - g - 1. Let o(j) = 11*i(j) + 6*u(j). What are the prime factors of o(11)?
2, 3
Let g = 73 - 44. Let n = -15 + g. List the prime factors of n.
2, 7
Let k(t) = t**2 - 3*t - 4. Let a be (-6)/(-3 - 0 - -2). List the prime factors of k(a).
2, 7
Suppose -15 = 4*p - 111. What are the prime factors of p?
2, 3
Suppose 5 = 4*m - 15. Let n(z) = z**2 -